 7?
5
Let v(p) = p**2 - 4*p. Let b be v(5). Suppose -b*y = -y + 24. What is the remainder when 11 is divided by (-10)/y*3 - 1?
3
Suppose 3 = 5*a - 7. Suppose 0 = -5*h - a*j + 125, 4*h + 3*j - 34 = 66. Suppose -26 = -2*t - 0*t. What is the remainder when h is divided by t?
12
What is the remainder when 47 is divided by 410/35 + (-2)/(-7)?
11
Let z(i) = i**3 - 8*i**2 - 7*i - 10. Let m(n) = 2*n**3 - 8*n**2 - 8*n - 10. Let p(w) = 2*m(w) - 3*z(w). Calculate the remainder when 70 is divided by p(-7).
22
Suppose 0*c - 16 = 2*c. Let x(p) = 8*p**3 - 4*p**2 + 7*p - 9*p**3 - 3*p**2 + 5. Calculate the remainder when 36 is divided by x(c).
10
Let k(x) = -2*x + 7. Let h be k(5). What is the remainder when 29 is divided by 3/3 + 2 - h?
5
Suppose 5*p - 20 = 0, s + 0*p - p = -12. What is the remainder when (-236)/s - (-3)/6 is divided by 11?
8
What is the remainder when (1 + 9)*((-2432)/(-40))/8 is divided by 41?
35
What is the remainder when 14 is divided by (-1 - 0 - -4) + 1?
2
Suppose -5*k + 4*k + 4*b + 19 = 0, -3*k + b + 13 = 0. Suppose -5*c + k*c + 24 = 0. What is the remainder when 45 is divided by c?
9
Suppose -137 = -4*f - 3*h + 35, -3*h = 0. What is the remainder when f is divided by 24?
19
Let d be -5*(-2)/(-2*1). Let i(b) = -2*b - 4. What is the remainder when (-2)/((-2 - -3)/(-8)) is divided by i(d)?
4
Let x be (-4)/10 - 415/25. Let i = -4 - x. What is the remainder when 25 is divided by i?
12
Let y = -18 + 32. Suppose -y = -2*g - 0. Let r(d) = 3*d + 1. Calculate the remainder when r(6) is divided by g.
5
Let o(j) = -j**3 - 11*j**2 - 3*j - 4. What is the remainder when o(-11) is divided by 18?
11
Suppose -5*q = -6 - 204. Suppose 40 = -2*u - 3*u. Let i = u + 23. What is the remainder when q is divided by i?
12
Let g be 4/10 - 133/(-5). Calculate the remainder when 600/g - (-8)/(-36) is divided by 8.
6
Let x be 0 + -5 + 3 - -5. Suppose -2*l - x*l + 3*p = -61, 0 = -p - 2. What is the remainder when 31 is divided by l?
9
Let p(q) = q**3 + 6*q**2 - 5*q - 8. What is the remainder when p(-6) is divided by 12?
10
Suppose -10*i = -7*i - 78. Suppose -4*o + i = -5*f - 5, f = 5*o - 65. What is the remainder when o is divided by 8?
6
Let i be 0 + 5 - (-4)/(-2). Suppose -2*k - 15 = 3*u - 8*u, -4*k + i*u = -5. Calculate the remainder when 9 is divided by k.
4
Suppose 0*w = -4*w + 2*i + 10, -5*w + 5*i = -5. Let v(c) = -7*c + w*c + c**2 + 4*c. Calculate the remainder when 34 is divided by v(3).
10
Let n = 5 - -8. Let l = n - 1. Calculate the remainder when 23/(25/5 + -4) is divided by l.
11
Suppose 5*d = d - 8, 38 = 2*h + 3*d. What is the remainder when 85 is divided by h?
19
Suppose -42 = -2*j + 3*f, -j - 3*f + 54 = j. Suppose -16 - j = -4*k. Calculate the remainder when 38 is divided by k.
8
Let x = -2 + 12. Calculate the remainder when 28 is divided by x.
8
Let c = 0 + 4. Suppose -2 = -2*l + x + 20, 24 = c*l + 3*x. Suppose -5*n - 115 = -5*p, -p - 2*n = -5*p + 98. What is the remainder when p is divided by l?
8
Suppose t - 14 - 5 = 0. Let k = -10 + 3. Let s(h) = -h. Calculate the remainder when t is divided by s(k).
5
Suppose -3*r - s + 74 = -2*r, 3*s + 275 = 4*r. Let h = 103 + 5. Let o = h - r. Calculate the remainder when o is divided by 13.
11
Let c = -28 + 49. Let p be 4/6*(4 + -7). Calculate the remainder when c is divided by (-11)/(-2)*(4 + p).
10
Let h = 12 + -9. Calculate the remainder when 4 is divided by h.
1
Calculate the remainder when ((-24)/(-14))/((-22)/(-77)) is divided by 2.
0
Suppose -2*p + 3 + 7 = -4*z, -3*p + 37 = 5*z. Calculate the remainder when 34 is divided by p.
7
What is the remainder when 54 is divided by (13 - 16)*28/(-6)?
12
Let p = 9 + -7. Suppose -69 = -5*x - 2*s - 7, -p*s + 38 = 3*x. What is the remainder when 23 is divided by x?
11
Let u = 201 - 120. Let p = u + -38. Suppose 0 = -0*n - 2*n - 2*d + 40, 2*n - 35 = -d. What is the remainder when p is divided by n?
13
Suppose -7*b + 12 = -9. What is the remainder when 6 is divided by b?
0
Calculate the remainder when 31 is divided by 4/(-26) + 318/39.
7
Suppose w = -5*z - 16 + 1, w = 3*z + 1. Let v be -6*(3 - 7/2). Let k = v - z. Calculate the remainder when k is divided by 2.
1
Let m = 5 - 3. Let i = -27 - -29. What is the remainder when i is divided by m?
0
Let j(u) = 4*u**2 - 2*u + 2. Let n be j(2). Let f = n + -7. What is the remainder when 12 is divided by f?
5
Suppose -4*v + 9 = 2*h - 99, 0 = -5*v - 5*h + 125. Let t = 38 + -22. What is the remainder when v is divided by t?
13
Suppose 2*i + 5 - 1 = 2*y, y - 3*i - 6 = 0. Let u(x) = -x**2 + x + 13. What is the remainder when u(y) is divided by 5?
3
Let x(r) be the first derivative of -1/3*r**3 - 1 - 3*r - 11/2*r**2. What is the remainder when x(-5) is divided by 14?
13
Let v be (39/(-6))/(1/2). Let s = 5 - v. Calculate the remainder when 34 is divided by s.
16
Let u(w) = -w - 1. Let r be u(-1). Suppose r*q - q = o - 5, 0 = -2*o + 5*q + 17. Calculate the remainder when 21 is divided by o.
3
Suppose -d = -4*t + 71 + 69, 0 = 3*t + d - 112. Suppose 4*v - 6 = 2, -5*m = -2*v - t. Calculate the remainder when (-4)/(-14) + 96/7 is divided by m.
6
Let q(h) = h**3 + 3*h**2 - 2*h - 4. Let v be q(-3). Suppose v*d = -2*w + 50, d - w + 4*w = 29. Calculate the remainder when d is divided by 6.
5
Let x be (3 + -157 - -2) + 0. What is the remainder when x/(-4) + -2*1 is divided by 13?
10
Suppose -257 = -36*m + 35*m. What is the remainder when m is divided by 65?
62
Let z = -24 - -52. Calculate the remainder when 47 is divided by z.
19
Suppose 12 = 4*q - 40. Let f = 106 - 57. Suppose q - f = -2*s. What is the remainder when 52 is divided by s?
16
Suppose -4*m + 11 + 5 = 0. Suppose -m*v + 2*h + 44 = 0, v + h = -3*v + 56. Let q = 3 - -21. Calculate the remainder when q is divided by v.
11
Let v(m) = -m + 154. Let t be v(0). Suppose -7*a = -2*a + h - t, 5*h = -a + 26. What is the remainder when a is divided by 11?
9
Suppose -5*l + 25 = 0, -3*a - 127 = -7*a + l. Let y = a + -22. Suppose 2*i - 6 = 2. What is the remainder when y is divided by i?
3
Let a(r) = -r**2 - 10*r + 4. Let o be a(-10). Suppose o = -2*x + 6. What is the remainder when 3 is divided by x?
0
Let f(i) = i**3 - 13*i**2 + 3*i - 16. What is the remainder when f(13) is divided by 5?
3
Suppose -11*l = -15*l + 80. Calculate the remainder when 37 is divided by l.
17
What is the remainder when 14/(-49) + (793/7 - -2) is divided by 17?
13
Calculate the remainder when 43*1 - (-14 + 14) is divided by 11.
10
Suppose -2*m + 9 = 5. Suppose -2*c + 4*a = -20, 4*c + m*a - 22 = -2. Calculate the remainder when 23 is divided by c.
5
Suppose x = 4*x - 9, -5*g + 2*x = -69. What is the remainder when 41 is divided by g?
11
Let p(y) = -7*y + 8. Let m(w) = 15*w - 17. Let b(h) = -2*m(h) - 5*p(h). Calculate the remainder when 25 is divided by b(3).
7
Let w = 94 - 83. Let q = -6 - -37. What is the remainder when q is divided by w?
9
Suppose 4*j - 156 = -28. Suppose 0 = -5*f + m + j, -4*f + 5*m + 11 + 23 = 0. Suppose -4*s + 26 = f. Calculate the remainder when s is divided by 2.
1
Let q = 8 - -6. What is the remainder when 97 is divided by q?
13
Suppose 0 = u + 4*u - 235. Calculate the remainder when u is divided by 12.
11
Suppose 20 = 3*l - 25*u + 20*u, 4*u + 55 = 5*l. Let w(j) = -j**2 - 5*j - 1. Let f be w(5). Let q = f + 95. Calculate the remainder when q is divided by l.
14
Suppose -5*w + 0*w = -15. Suppose -2*j = -0*j - 6, w*h - 3*j = -3. Suppose 4*c = -3*v + 37, 4*v + 0*c = h*c + 86. What is the remainder when v is divided by 5?
4
Let u = 16 - 13. What is the remainder when 8 is divided by u?
2
Let a = 18 + -4. Calculate the remainder when 20 is divided by a.
6
Let b = -1 + 3. Let p(g) = -6*g + 7*g**b + 5*g - 11*g - 8 + 0*g**2 + g**3. Calculate the remainder when p(-8) is divided by 9.
6
Let z(n) = 6*n - 2. Calculate the remainder when z(1) is divided by 2.
0
Suppose -20*o + 336 = 36. Let a(v) = -10*v**3 - 2*v**2 - v. Calculate the remainder when o is divided by a(-1).
6
Let y(f) = -f**2 + 2*f + 2. Let c be y(3). What is the remainder when 2 is divided by -5*(-8)/20 + c?
0
Suppose r + 21 = -4*m, -2*r + m - 3*m - 30 = 0. Let t be (-2)/(-4) + r/2. Let p(k) = -4*k - 5. What is the remainder when p(t) is divided by 7?
5
Let z = -20 + 47. Let i(y) = 25*y**2 - 10*y - 13. Calculate the remainder when i(-2) is